{"id":20644,"date":"2024-07-02T14:42:07","date_gmt":"2024-07-02T17:42:07","guid":{"rendered":"https:\/\/www.comparaonline.com.br\/blog\/?page_id=20644"},"modified":"2024-11-22T12:24:00","modified_gmt":"2024-11-22T15:24:00","slug":"terminos-e-condicoes","status":"publish","type":"page","link":"https:\/\/www.comparaonline.com.br\/blog\/terminos-e-condicoes\/","title":{"rendered":"Termos e Condi\u00e7\u00f5es"},"content":{"rendered":"\n<p>Estes termos e condi\u00e7\u00f5es (&#8220;Termos e Condi\u00e7\u00f5es&#8221;) constituem um contrato entre voc\u00ea (&#8220;Usu\u00e1rio&#8221;) e&nbsp;<strong>COMPARA ONLINE S.A.<\/strong>, (&#8220;Compara Online&#8221;), em rela\u00e7\u00e3o aos servi\u00e7os oferecidos pela Compara Online por meio do website&nbsp;<a href=\"https:\/\/www.comparaonline.com.br\">www.comparaonline.com.br<\/a>&nbsp;(o \u201cPortal&#8221;) ou por qualquer outro meio, ficando o Usu\u00e1rio sujeito a estes Termos e Condi\u00e7\u00f5es de Uso.<\/p>\n\n\n\n<p><strong>OS SERVI\u00c7OS<\/strong><\/p>\n\n\n\n<p>A Compara Online disponibiliza ao Usu\u00e1rio um servi\u00e7o gratuito de compara\u00e7\u00e3o de pre\u00e7os e caracter\u00edsticas de diferentes servi\u00e7os e produtos, fornecidos por diversas companhias (\u201ca Companhia\u201d ou as \u201cCompanhias\u201d) de modo a permitir ao Usu\u00e1rio optar por um produto de acordo com as suas necessidades.<\/p>\n\n\n\n<p><strong>UTILIZA\u00c7\u00c3O DO PORTAL<\/strong><\/p>\n\n\n\n<p>Para o uso das funcionalidades e servi\u00e7os disponibilizados pela Compara Online, o Usu\u00e1rio realizar\u00e1 o seu cadastro no Portal.<\/p>\n\n\n\n<p>Os dados do Usu\u00e1rio ser\u00e3o criptografados, armazenados e devidamente protegidos, conforme estabelecido nestes Termos e Condi\u00e7\u00f5es e na Pol\u00edtica de Privacidade.<\/p>\n\n\n\n<p>O cadastro do Usu\u00e1rio poder\u00e1 ser realizado:&nbsp;<strong>(i)<\/strong>&nbsp;mediante a cria\u00e7\u00e3o de nome de usu\u00e1rio (\u201clogin\u201d) e senha pessoal (\u201csenha pessoal\u201d) no Portal;&nbsp;<strong>(ii)<\/strong>&nbsp;por meio da utiliza\u00e7\u00e3o de perfil pessoal do Facebook (\u201cPerfil Facebook\u201d); ou&nbsp;<strong>(iii)<\/strong>&nbsp;uso de conta de e-mail pessoal registrada junto ao Google (\u201cConta Google\u201d).<\/p>\n\n\n\n<p>O Usu\u00e1rio expressamente autoriza \u00e0 Compara Online o acesso aos dados pessoais, como as informa\u00e7\u00f5es de login e senha pessoal, utilizadas para realizar o cadastro no Portal, conforme os meios de cadastro informados acima.<\/p>\n\n\n\n<p>A Compara Online poder\u00e1 coletar e tratar as informa\u00e7\u00f5es pessoais fornecidas pelos Usu\u00e1rios que se cadastrarem utilizando Perfil Facebook ou Conta Google (\u201cServi\u00e7os de Terceiros\u201d), sem infringir quaisquer pol\u00edticas e termos de terceiros, diante do livre consentimento praticado pelo Usu\u00e1rio, detentor das informa\u00e7\u00f5es pessoais, no momento do cadastro junto ao Portal com a utiliza\u00e7\u00e3o desses meios.<\/p>\n\n\n\n<p>A Compara Online n\u00e3o ser\u00e1 for\u00e7ada a pagar taxas ou respeitar qualquer limita\u00e7\u00e3o de utiliza\u00e7\u00e3o imposta por terceiros prestadores de servi\u00e7os, como redes sociais ou provedores de e-mails.<\/p>\n\n\n\n<p>O Usu\u00e1rio que se cadastrar utilizando os Servi\u00e7os de Terceiros, permite que a Compara Online acesse suas informa\u00e7\u00f5es pessoais necess\u00e1rias para o prop\u00f3sito que se destina o Portal, sem que exista qualquer interven\u00e7\u00e3o, por parte da Compara Online, em e-mails, mensagens instant\u00e2neas, perfil pessoal, informa\u00e7\u00f5es de outros usu\u00e1rios e\/ou informa\u00e7\u00f5es confidenciais desnecess\u00e1rias para os objetivos propostos pela Compara Online.<\/p>\n\n\n\n<p>O Usu\u00e1rio ser\u00e1 respons\u00e1vel pela veracidade, validade e precis\u00e3o dos Dados Pessoais ou Dados de Conta de Servi\u00e7os de Terceiros por ele fornecidos no seu cadastro, inclusive em rela\u00e7\u00e3o \u00e0 indica\u00e7\u00e3o de endere\u00e7o de e-mail v\u00e1lido de sua titularidade, competindo-lhe, ainda, manter referido cadastro sempre atualizado. A Compara Online n\u00e3o ter\u00e1 qualquer obriga\u00e7\u00e3o de policiar ou fiscalizar os Dados Pessoais ou Dados de Servi\u00e7os de Terceiros fornecidos pelos Usu\u00e1rios, mas poder\u00e1, ao seu exclusivo crit\u00e9rio, excluir as informa\u00e7\u00f5es que lhe pare\u00e7am inver\u00eddicas ou ofensivas.<\/p>\n\n\n\n<p>A utiliza\u00e7\u00e3o do Portal pelo Usu\u00e1rio possui car\u00e1ter pessoal e intransfer\u00edvel, unicamente para fins l\u00edcitos relacionados ao prop\u00f3sito a que o website se destina, nos termos destes Termos de Uso.<\/p>\n\n\n\n<p>A Compara Online oferece ao Usu\u00e1rio a op\u00e7\u00e3o de adquirir o produto selecionado em pr\u00e9via compara\u00e7\u00e3o das cota\u00e7\u00f5es entregues pelas Companhias conforme os dados fornecidos pelo Usu\u00e1rio (as \u201cCota\u00e7\u00f5es\u201d) diretamente no website da Compara Online ou mediante a um link que o direcionar\u00e1 para p\u00e1gina web das Companhias (o \u201cLink\u201d).<\/p>\n\n\n\n<p>Para ser melhor atendido, o Usu\u00e1rio ser\u00e1 contatado por telefone por um profissional habilitado em vendas da Compara Online, que ir\u00e1 assessor\u00e1-lo no processo de compara\u00e7\u00e3o. No caso de alguns produtos financeiros, como por exemplo, cart\u00f5es de cr\u00e9dito, o Usu\u00e1rio ser\u00e1 direcionado \u00e0s p\u00e1ginas web das Companhias para concretizar a solicita\u00e7\u00e3o ou contratar o servi\u00e7o.<\/p>\n\n\n\n<p>Importante esclarecer, que o Usu\u00e1rio ao ser direcionado para a p\u00e1gina web da Companhia, estar\u00e1 sujeito a aprova\u00e7\u00e3o de cr\u00e9dito e aos Termos e Condi\u00e7\u00f5es da Companhia, que inclusive, poder\u00e1 entrar em contato com o Usu\u00e1rio para dar andamento na solicita\u00e7\u00e3o, ou para obter informa\u00e7\u00f5es.<\/p>\n\n\n\n<p>Estes Termos e Condi\u00e7\u00f5es estabelecem os direitos e obriga\u00e7\u00f5es entre Compara Online e o Usu\u00e1rio, decorrentes da utiliza\u00e7\u00e3o dos Servi\u00e7os.<\/p>\n\n\n\n<p>O Usu\u00e1rio deve ler, entender e aceitar todas as disposi\u00e7\u00f5es estabelecidas nestes Termos e Condi\u00e7\u00f5es e demais pol\u00edticas e regulamenta\u00e7\u00f5es que completem os mesmos, antes de fazer uso do Portal e dos Servi\u00e7os, pois o acesso ou uso do Portal implica em concord\u00e2ncia integral com os termos aqui expressos.<\/p>\n\n\n\n<p>O Usu\u00e1rio atrav\u00e9s destes Termos e Condi\u00e7\u00f5es aceita ser identificado pelo sistema do Portal, como, por exemplo, pelo uso de cookies e\/ou de outras tecnologias. O uso destas tecnologias visa a melhoria cont\u00ednua dos servi\u00e7os prestados pela Compara Online.<\/p>\n\n\n\n<p>Para o caso de d\u00favidas quanto aos dados coletados pela Compara Online, o Usu\u00e1rio pode consultar a&nbsp;<a href=\"https:\/\/www.comparaonline.com.br\/politica-de-privacidade\">Pol\u00edtica de Privacidade<\/a>.<\/p>\n\n\n\n<p><strong>RESTRI\u00c7\u00d5ES<\/strong><\/p>\n\n\n\n<p>O Usu\u00e1rio&nbsp;n\u00e3o poder\u00e1&nbsp;<strong>(i)<\/strong>&nbsp;realizar cadastro no Portal utilizando de informa\u00e7\u00f5es falsas ou de terceiros;&nbsp;<strong>(ii)<\/strong>&nbsp;enviar informa\u00e7\u00f5es de qualquer natureza que possam incitar, induzir, ou promover atitudes discriminat\u00f3rias, violentas ou delituosas, que atentem contra a moral, os bons costumes ou que desrespeitem a ordem p\u00fablica; os bons costumes, \u00e0 moral ou ainda que contrariem a ordem p\u00fablica;&nbsp;<strong>(iii)<\/strong>&nbsp;violar propriedade intelectual do website da Compara Online, das Companhias, ou terceiros em geral, por meio da reprodu\u00e7\u00e3o de material, sem a pr\u00e9via autoriza\u00e7\u00e3o do propriet\u00e1rio;&nbsp;<strong>(iv)<\/strong>&nbsp;Modificar, excluir ou corromper dados e informa\u00e7\u00f5es de terceiros.<\/p>\n\n\n\n<p>A Compara Online disponibiliza links e\/ou realiza direcionamento do Usu\u00e1rio para outros websites operados por seus titulares e n\u00e3o pela Compara Online. Esses links ou direcionamentos s\u00e3o disponibilizados somente para sua refer\u00eancia, motivo pelo qual, a Compara Online n\u00e3o tem controle sobre esses outros websites e n\u00e3o se responsabiliza pelo conte\u00fado dos mesmos, sendo que a inclus\u00e3o desses links e\/ou direcionamentos n\u00e3o implicam na aprova\u00e7\u00e3o de propostas, facilita\u00e7\u00f5es ou qualquer associa\u00e7\u00e3o com seus propriet\u00e1rios.<\/p>\n\n\n\n<p>Desse modo, ao ser encaminhado para outro website, pelo link ou direcionamento, o Usu\u00e1rio&nbsp;estar\u00e1 sujeito \u00e0s pol\u00edticas deste website, sobre o qual a Compara Online n\u00e3o tem qualquer rela\u00e7\u00e3o.<\/p>\n\n\n\n<p>A Compara Online poder\u00e1 alterar, modificar ou realizar ajustes nestes Termos e Condi\u00e7\u00f5es a qualquer tempo, sendo que essas altera\u00e7\u00f5es, modifica\u00e7\u00f5es ou ajustes ter\u00e3o efeito somente ap\u00f3s se tornarem p\u00fablicos. Portanto, o Usu\u00e1rio obriga-se a rever os TERMOS E CONDI\u00c7\u00d5ES DE USO da Compara Online frequentemente, estando claro que o Usu\u00e1rio se sujeita \u00e0 aceita\u00e7\u00e3o dos Termos e Condi\u00e7\u00f5es vigentes no momento do uso do Portal ou dos Servi\u00e7os disponibilizados pela Compara Online.<\/p>\n\n\n\n<p><strong>QUALQUER PESSOA QUE N\u00c3O ACEITE ESTES TERMOS E CONDI\u00c7\u00d5ES, OS QUAIS POSSUEM UM CAR\u00c1TER OBRIGAT\u00d3RIO E VINCULANTE, DEVER\u00c1 ABSTER-SE DE UTILIZAR O PORTAL E OS SERVI\u00c7OS.<\/strong><\/p>\n\n\n\n<p>Ao aceitar os Termos e Condi\u00e7\u00f5es, o Usu\u00e1rio declara haver sido informado de maneira clara, compreens\u00edvel e inequ\u00edvoca dos mesmos, existindo a possiblidade de armazen\u00e1-los e imprimi-los.<\/p>\n\n\n\n<p>Fica eleito o foro da Comarca de S\u00e3o Paulo, Estado de S\u00e3o Paulo, como competente para dirimir quaisquer controv\u00e9rsias decorrentes destes Termos e Condi\u00e7\u00f5es de Uso, independentemente de qualquer outro, por mais privilegiado que seja.<\/p>\n","protected":false},"excerpt":{"rendered":"<p>Estes termos e condi\u00e7\u00f5es (&#8220;Termos e Condi\u00e7\u00f5es&#8221;) constituem um contrato entre voc\u00ea (&#8220;Usu\u00e1rio&#8221;) e&nbsp;COMPARA ONLINE S.A., (&#8220;Compara Online&#8221;), em rela\u00e7\u00e3o aos servi\u00e7os oferecidos pela Compara Online por meio do website&nbsp;www.comparaonline.com.br&nbsp;(o \u201cPortal&#8221;) ou por qualquer outro meio, ficando o Usu\u00e1rio sujeito a estes Termos e Condi\u00e7\u00f5es de Uso.<\/p>\n","protected":false},"author":25,"featured_media":0,"parent":0,"menu_order":0,"comment_status":"closed","ping_status":"closed","template":"","meta":{"footnotes":""},"categories":[],"tags":[],"class_list":["post-20644","page","type-page","status-publish","hentry"],"yoast_head":"<!-- This site is optimized with the Yoast SEO plugin v26.9 - https:\/\/yoast.com\/product\/yoast-seo-wordpress\/ -->\n<title>Termos e Condi\u00e7\u00f5es - ComparaOnline<\/title>\n<meta name=\"robots\" content=\"index, follow, max-snippet:-1, max-image-preview:large, max-video-preview:-1\" \/>\n<link rel=\"canonical\" href=\"https:\/\/www.comparaonline.com.br\/blog\/terminos-e-condicoes\/\" \/>\n<meta property=\"og:locale\" content=\"pt_BR\" \/>\n<meta property=\"og:type\" content=\"article\" \/>\n<meta property=\"og:title\" content=\"Termos e Condi\u00e7\u00f5es - ComparaOnline\" \/>\n<meta property=\"og:description\" content=\"Estes termos e condi\u00e7\u00f5es (&#8220;Termos e Condi\u00e7\u00f5es&#8221;) constituem um contrato entre voc\u00ea (&#8220;Usu\u00e1rio&#8221;) e&nbsp;COMPARA ONLINE S.A., (&#8220;Compara Online&#8221;), em rela\u00e7\u00e3o aos servi\u00e7os oferecidos pela Compara Online por meio do website&nbsp;www.comparaonline.com.br&nbsp;(o \u201cPortal&#8221;) ou por qualquer outro meio, ficando o Usu\u00e1rio sujeito a estes Termos e Condi\u00e7\u00f5es de Uso.\" \/>\n<meta property=\"og:url\" content=\"https:\/\/www.comparaonline.com.br\/blog\/terminos-e-condicoes\/\" \/>\n<meta property=\"og:site_name\" content=\"ComparaOnline\" \/>\n<meta property=\"article:publisher\" content=\"https:\/\/www.facebook.com\/comparabr\" \/>\n<meta property=\"article:modified_time\" content=\"2024-11-22T15:24:00+00:00\" \/>\n<meta name=\"twitter:card\" content=\"summary_large_image\" \/>\n<meta name=\"twitter:site\" content=\"@compara_brasil\" \/>\n<meta name=\"twitter:label1\" content=\"Est. reading time\" \/>\n\t<meta name=\"twitter:data1\" content=\"7 minutos\" \/>\n<script type=\"application\/ld+json\" class=\"yoast-schema-graph\">{\"@context\":\"https:\/\/schema.org\",\"@graph\":[{\"@type\":\"WebPage\",\"@id\":\"https:\/\/www.comparaonline.com.br\/blog\/terminos-e-condicoes\/\",\"url\":\"https:\/\/www.comparaonline.com.br\/blog\/terminos-e-condicoes\/\",\"name\":\"Termos e Condi\u00e7\u00f5es - ComparaOnline\",\"isPartOf\":{\"@id\":\"https:\/\/www.comparaonline.com.br\/blog\/#website\"},\"datePublished\":\"2024-07-02T17:42:07+00:00\",\"dateModified\":\"2024-11-22T15:24:00+00:00\",\"breadcrumb\":{\"@id\":\"https:\/\/www.comparaonline.com.br\/blog\/terminos-e-condicoes\/#breadcrumb\"},\"inLanguage\":\"pt-BR\",\"potentialAction\":[{\"@type\":\"ReadAction\",\"target\":[\"https:\/\/www.comparaonline.com.br\/blog\/terminos-e-condicoes\/\"]}]},{\"@type\":\"BreadcrumbList\",\"@id\":\"https:\/\/www.comparaonline.com.br\/blog\/terminos-e-condicoes\/#breadcrumb\",\"itemListElement\":[{\"@type\":\"ListItem\",\"position\":1,\"name\":\"In\u00edcio\",\"item\":\"https:\/\/www.comparaonline.com.br\/blog\/\"},{\"@type\":\"ListItem\",\"position\":2,\"name\":\"Termos e Condi\u00e7\u00f5es\"}]},{\"@type\":\"WebSite\",\"@id\":\"https:\/\/www.comparaonline.com.br\/blog\/#website\",\"url\":\"https:\/\/www.comparaonline.com.br\/blog\/\",\"name\":\"ComparaOnline\",\"description\":\"Tudo o que voc\u00ea precisa saber sobre seguros e produtos financeiros\",\"publisher\":{\"@id\":\"https:\/\/www.comparaonline.com.br\/blog\/#organization\"},\"potentialAction\":[{\"@type\":\"SearchAction\",\"target\":{\"@type\":\"EntryPoint\",\"urlTemplate\":\"https:\/\/www.comparaonline.com.br\/blog\/?s={search_term_string}\"},\"query-input\":{\"@type\":\"PropertyValueSpecification\",\"valueRequired\":true,\"valueName\":\"search_term_string\"}}],\"inLanguage\":\"pt-BR\"},{\"@type\":\"Organization\",\"@id\":\"https:\/\/www.comparaonline.com.br\/blog\/#organization\",\"name\":\"Compara\",\"url\":\"https:\/\/www.comparaonline.com.br\/blog\/\",\"logo\":{\"@type\":\"ImageObject\",\"inLanguage\":\"pt-BR\",\"@id\":\"https:\/\/www.comparaonline.com.br\/blog\/#\/schema\/logo\/image\/\",\"url\":\"https:\/\/www.comparaonline.com.br\/blog-statics\/br\/uploads\/2020\/02\/15814375758341.png\",\"contentUrl\":\"https:\/\/www.comparaonline.com.br\/blog-statics\/br\/uploads\/2020\/02\/15814375758341.png\",\"width\":161,\"height\":35,\"caption\":\"Compara\"},\"image\":{\"@id\":\"https:\/\/www.comparaonline.com.br\/blog\/#\/schema\/logo\/image\/\"},\"sameAs\":[\"https:\/\/www.facebook.com\/comparabr\",\"https:\/\/x.com\/compara_brasil\",\"https:\/\/www.instagram.com\/compara_brasil\/\",\"https:\/\/www.linkedin.com\/company\/compara\/\",\"https:\/\/www.youtube.com\/c\/ComparaBrasil\"]}]}<\/script>\n<!-- \/ Yoast SEO plugin. -->","yoast_head_json":{"title":"Termos e Condi\u00e7\u00f5es - ComparaOnline","robots":{"index":"index","follow":"follow","max-snippet":"max-snippet:-1","max-image-preview":"max-image-preview:large","max-video-preview":"max-video-preview:-1"},"canonical":"https:\/\/www.comparaonline.com.br\/blog\/terminos-e-condicoes\/","og_locale":"pt_BR","og_type":"article","og_title":"Termos e Condi\u00e7\u00f5es - ComparaOnline","og_description":"Estes termos e condi\u00e7\u00f5es (&#8220;Termos e Condi\u00e7\u00f5es&#8221;) constituem um contrato entre voc\u00ea (&#8220;Usu\u00e1rio&#8221;) e&nbsp;COMPARA ONLINE S.A., (&#8220;Compara Online&#8221;), em rela\u00e7\u00e3o aos servi\u00e7os oferecidos pela Compara Online por meio do website&nbsp;www.comparaonline.com.br&nbsp;(o \u201cPortal&#8221;) ou por qualquer outro meio, ficando o Usu\u00e1rio sujeito a estes Termos e Condi\u00e7\u00f5es de Uso.","og_url":"https:\/\/www.comparaonline.com.br\/blog\/terminos-e-condicoes\/","og_site_name":"ComparaOnline","article_publisher":"https:\/\/www.facebook.com\/comparabr","article_modified_time":"2024-11-22T15:24:00+00:00","twitter_card":"summary_large_image","twitter_site":"@compara_brasil","twitter_misc":{"Est. reading time":"7 minutos"},"schema":{"@context":"https:\/\/schema.org","@graph":[{"@type":"WebPage","@id":"https:\/\/www.comparaonline.com.br\/blog\/terminos-e-condicoes\/","url":"https:\/\/www.comparaonline.com.br\/blog\/terminos-e-condicoes\/","name":"Termos e Condi\u00e7\u00f5es - ComparaOnline","isPartOf":{"@id":"https:\/\/www.comparaonline.com.br\/blog\/#website"},"datePublished":"2024-07-02T17:42:07+00:00","dateModified":"2024-11-22T15:24:00+00:00","breadcrumb":{"@id":"https:\/\/www.comparaonline.com.br\/blog\/terminos-e-condicoes\/#breadcrumb"},"inLanguage":"pt-BR","potentialAction":[{"@type":"ReadAction","target":["https:\/\/www.comparaonline.com.br\/blog\/terminos-e-condicoes\/"]}]},{"@type":"BreadcrumbList","@id":"https:\/\/www.comparaonline.com.br\/blog\/terminos-e-condicoes\/#breadcrumb","itemListElement":[{"@type":"ListItem","position":1,"name":"In\u00edcio","item":"https:\/\/www.comparaonline.com.br\/blog\/"},{"@type":"ListItem","position":2,"name":"Termos e Condi\u00e7\u00f5es"}]},{"@type":"WebSite","@id":"https:\/\/www.comparaonline.com.br\/blog\/#website","url":"https:\/\/www.comparaonline.com.br\/blog\/","name":"ComparaOnline","description":"Tudo o que voc\u00ea precisa saber sobre seguros e produtos financeiros","publisher":{"@id":"https:\/\/www.comparaonline.com.br\/blog\/#organization"},"potentialAction":[{"@type":"SearchAction","target":{"@type":"EntryPoint","urlTemplate":"https:\/\/www.comparaonline.com.br\/blog\/?s={search_term_string}"},"query-input":{"@type":"PropertyValueSpecification","valueRequired":true,"valueName":"search_term_string"}}],"inLanguage":"pt-BR"},{"@type":"Organization","@id":"https:\/\/www.comparaonline.com.br\/blog\/#organization","name":"Compara","url":"https:\/\/www.comparaonline.com.br\/blog\/","logo":{"@type":"ImageObject","inLanguage":"pt-BR","@id":"https:\/\/www.comparaonline.com.br\/blog\/#\/schema\/logo\/image\/","url":"https:\/\/www.comparaonline.com.br\/blog-statics\/br\/uploads\/2020\/02\/15814375758341.png","contentUrl":"https:\/\/www.comparaonline.com.br\/blog-statics\/br\/uploads\/2020\/02\/15814375758341.png","width":161,"height":35,"caption":"Compara"},"image":{"@id":"https:\/\/www.comparaonline.com.br\/blog\/#\/schema\/logo\/image\/"},"sameAs":["https:\/\/www.facebook.com\/comparabr","https:\/\/x.com\/compara_brasil","https:\/\/www.instagram.com\/compara_brasil\/","https:\/\/www.linkedin.com\/company\/compara\/","https:\/\/www.youtube.com\/c\/ComparaBrasil"]}]}},"_links":{"self":[{"href":"https:\/\/www.comparaonline.com.br\/blog\/wp-json\/wp\/v2\/pages\/20644","targetHints":{"allow":["GET"]}}],"collection":[{"href":"https:\/\/www.comparaonline.com.br\/blog\/wp-json\/wp\/v2\/pages"}],"about":[{"href":"https:\/\/www.comparaonline.com.br\/blog\/wp-json\/wp\/v2\/types\/page"}],"author":[{"embeddable":true,"href":"https:\/\/www.comparaonline.com.br\/blog\/wp-json\/wp\/v2\/users\/25"}],"replies":[{"embeddable":true,"href":"https:\/\/www.comparaonline.com.br\/blog\/wp-json\/wp\/v2\/comments?post=20644"}],"version-history":[{"count":2,"href":"https:\/\/www.comparaonline.com.br\/blog\/wp-json\/wp\/v2\/pages\/20644\/revisions"}],"predecessor-version":[{"id":20671,"href":"https:\/\/www.comparaonline.com.br\/blog\/wp-json\/wp\/v2\/pages\/20644\/revisions\/20671"}],"wp:attachment":[{"href":"https:\/\/www.comparaonline.com.br\/blog\/wp-json\/wp\/v2\/media?parent=20644"}],"wp:term":[{"taxonomy":"category","embeddable":true,"href":"https:\/\/www.comparaonline.com.br\/blog\/wp-json\/wp\/v2\/categories?post=20644"},{"taxonomy":"post_tag","embeddable":true,"href":"https:\/\/www.comparaonline.com.br\/blog\/wp-json\/wp\/v2\/tags?post=20644"}],"curies":[{"name":"wp","href":"https:\/\/api.w.org\/{rel}","templated":true}]}}